What are the prime factors of (3 - 0)/(10/3640*12)?
7, 13
Let j be 25*(0 - (-6)/(-15)). List the prime factors of (-192)/(-15) + (-2)/j.
13
Suppose 0 = -13*i + 16*i - 102. List the prime factors of i.
2, 17
Suppose 4*k - 16 = z - 7, 0 = 4*k - 3*z - 19. Let j(p) = 4*p**2 - 2*p + 1. Let n be j(k). Suppose 11 = n*x - 7. What are the prime factors of x?
2, 3
Let l = -7 + 14. Suppose 3*b + 2*h - 12 = l, -35 = -5*b - 5*h. Suppose 8 = 3*n - b*z, -2*z - z = -2*n + 6. What are the prime factors of n?
2, 3
Let t = -10 - -200. List the prime factors of t.
2, 5, 19
Suppose 1 + 98 = 3*z. What are the prime factors of z?
3, 11
Let u(b) = -b**3 - 5*b**2 + b + 2. Let o = -18 - -12. Let l be u(o). Suppose z = -6*x + 9*x - l, -z - 20 = -2*x. What are the prime factors of x?
2, 3
Let g be (-21)/(-12) - 2/(-8). Suppose -2*c - 5*r = -30, -2*c + 5*r - 10 = -0*c. Suppose -c*l - 2 - 33 = -5*x, -g*l - 41 = -5*x. List the prime factors of x.
3
Let u(b) = -b + 11. Let i(n) = -n**3 - 10*n**2 - 9*n + 6. Let f be (6/(-3))/(2/9). Let k be i(f). List the prime factors of u(k).
5
What are the prime factors of -1*40/12*-3?
2, 5
Let t(l) = 13*l - 10 + 10. List the prime factors of t(1).
13
Let z = 2 + 2. Let d be (2 + z)*(-2 - -1). List the prime factors of 1 + 4 + d/2.
2
Let b(d) = -d**3 + 7*d**2 + 2*d - 4. Let g(q) = q**2 + 3*q + 3. Let a be g(-4). What are the prime factors of b(a)?
2, 5
Let n be 62*-4*4/(-32). Suppose -4*a - 9 + n = -2*k, 0 = 3*a - 5*k - 20. What are the prime factors of a?
5
Let y(d) = 6*d. Let n be y(7). Suppose 2*u - 6*u + n = 2*f, 5*u = 3*f + 69. List the prime factors of u.
2, 3
Let q(u) = 5*u - 8. Let c be q(6). Suppose -c = -3*l - 1. Let g(x) = x**3 - 7*x**2 + 3*x - 9. What are the prime factors of g(l)?
2, 3
What are the prime factors of (-2)/8 + (-242)/(-8)?
2, 3, 5
Let f(l) = 3*l**2 + l + 1. Let n be f(-2). Let s = 26 - n. What are the prime factors of s?
3, 5
Let i be 4/8*4*1. Let j be (-1)/(2 - 1)*-1. Let r = j + i. List the prime factors of r.
3
Suppose -3*w + 14 = 5. Suppose -2*z + 2 = 5*u, -2*z + 4 = -3*u + 2. Suppose w*f - 9 - 21 = u. What are the prime factors of f?
2, 5
Let c(r) = r + 71. List the prime factors of c(0).
71
What are the prime factors of (-845)/(-10) - (3/(-6) + 0)?
5, 17
Suppose 0 = -21*h + 16*h + 110. List the prime factors of h.
2, 11
Let o(a) = -4*a**2 - a - 1. Let g be o(-2). List the prime factors of (-51)/g - 6/(-10).
2
Let t(s) = s**2 + 2*s - 1. Let m be t(-4). Suppose m*y - 2*y = -5. Let r(b) = -5*b**3 - b**2 - b - 1. What are the prime factors of r(y)?
2
Suppose -4*o + c = -9, 4*o - 13 - 8 = -3*c. Let j = 4 - o. What are the prime factors of (11 + -2 - 2)/j?
7
Suppose -5*l = 5*x - 0*x - 295, -2*x = 3*l - 116. What are the prime factors of x?
61
Let s(g) = g**2 + 5*g + 3. List the prime factors of s(-9).
3, 13
Let u(d) = -5*d - 3. Let n be u(-2). Let f = n + 1. List the prime factors of f.
2
Let h be 33/9 + 3/9. Suppose 0 = -4*t + 4*f + 112, h*f = 2*t - 20 - 34. What are the prime factors of t?
29
Let b = -46 - -86. What are the prime factors of b?
2, 5
What are the prime factors of (-115)/(-4) - 8/(-32)?
29
Suppose -45 = 5*a - 145. List the prime factors of a.
2, 5
Let f = -5 - -24. Suppose -3*o = -f + 7. Suppose -4*j + 3*x = -62 - 10, 47 = 3*j - o*x. List the prime factors of j.
3, 7
Suppose -2*v - 19 = -249. Suppose 0 = 2*t - 2*k - 70, -5*t + v = -k - 52. Suppose 0 = -3*w - 3 + t. What are the prime factors of w?
2, 5
Let p(v) = v**2 + v. Let z be p(2). What are the prime factors of (-5)/(-15) + 100/z?
17
Let o(s) be the second derivative of s**3/6 + 5*s**2/2 - 2*s. Let v be (-3)/(-2)*2 + 2. List the prime factors of o(v).
2, 5
Suppose 9*f + 4*f = 819. What are the prime factors of f?
3, 7
Suppose -3*o = -2*o. Suppose 0 = -o*f - f - 15. Let k = -9 - f. List the prime factors of k.
2, 3
Let c(u) be the second derivative of u**3/3 - 3*u**2/2 - 2*u. Let l be c(2). Let p = l + 2. List the prime factors of p.
3
Suppose 0*u = 2*u - 22. List the prime factors of u.
11
Let x(u) = 2*u + 3. Let s be x(-5). Suppose -j + 0*m - 10 = -5*m, 0 = -j + m - 14. Let r = s - j. What are the prime factors of r?
2
What are the prime factors of 10/65 + (-583)/(-13)?
3, 5
Let u(k) = -5*k**3 - k**2 + 2*k - 1. Suppose 1 = -0*m + m. Let q be u(m). Let n(a) = -4*a - 3. List the prime factors of n(q).
17
Suppose 0 = -5*n + 3*g - 0*g - 2, 3*g = -3. Let x = n + 3. Suppose -3*p = -3*h + 45, h + 3 = -3*p - x. What are the prime factors of h?
2, 5
Suppose -4*u = 2 + 2. List the prime factors of 4 + (-2)/u + 1.
7
Let a = 71 + -28. List the prime factors of a.
43
Suppose -4*f = -2*z + 7*z - 875, 4*z - 731 = 3*f. List the prime factors of z.
179
Let m = 10 - 4. What are the prime factors of 4/m - 1088/(-24)?
2, 23
Suppose 0 = 5*q - 0*f + 4*f - 225, -2*q + 3*f = -90. Let u = q - 26. Let l = -8 + u. What are the prime factors of l?
11
Suppose 5 = m + 1. Suppose 6 = u - t, t + m = 4*u - 5*u. List the prime factors of -27*(-1)/3*u.
3
Let r(n) = n**2 - 1. List the prime factors of r(-3).
2
Let m = 9 + -4. Suppose -3*q - y = -22, 4*q - m*y = -0*y + 4. What are the prime factors of q?
2, 3
Suppose 5*d + 125 = 6*d. Suppose 0 = 4*z + z - d. What are the prime factors of z?
5
Let d(n) = n**3 + 6*n**2 + 3*n - 5. Let y be d(-5). Let a be -4*(y/2)/(-5). Suppose 0*g = -a*s - 4*g + 26, -g - 34 = -4*s. What are the prime factors of s?
3
Let j be (-20)/(-8)*(-6)/(-3). Suppose 0 = -j*w - 43 + 143. What are the prime factors of w?
2, 5
Let p be 3/((0 - -1) + 0). Suppose -5 = -5*j - 0. Let r = j + p. What are the prime factors of r?
2
Let l be 6 + -4 + (-1 - -2). Suppose 0 = -l*o + 3 + 9. Suppose z - o*n = 13 + 4, -5*z + n = -47. What are the prime factors of z?
3
Suppose 10 + 16 = 2*s. Let g = -5 + s. List the prime factors of g.
2
List the prime factors of (1 - 3) + 78 + -1.
3, 5
Suppose 2 = -g + 2*g. Suppose y + 9 = g*y. List the prime factors of y.
3
Let v be (-4 - -4)*1/3. Suppose 4 = 2*h - v*h. What are the prime factors of h?
2
Let x(r) = -30*r**3 - r**2 - 6*r - 4. What are the prime factors of x(-2)?
2, 61
Let t(d) = -8*d - 2. Let g be t(-1). Suppose -g*o + 8*o - 92 = 0. What are the prime factors of o?
2, 23
Let y = 76 - 46. What are the prime factors of y?
2, 3, 5
Suppose 5*a + 16 = u, -12 = -0*a + a + 2*u. Suppose 0 = -2*d - 4, -2*o - 4*d - 38 = o. List the prime factors of o/(-4) + (-6)/a.
2
Let x be 1/(-3) - 140/(-60). Suppose -x*u = 4*f - 120, 3*f = -2*f - 3*u + 150. List the prime factors of f.
2, 3, 5
Let w(s) = s + 3. Let y(v) be the second derivative of v**4/12 - v**2/2 + 2*v. Let t be y(2). List the prime factors of w(t).
2, 3
Suppose 47 = -4*j + 131. Let g = j + -12. What are the prime factors of g?
3
Suppose 9*s - 157 + 4 = 0. List the prime factors of s.
17
Suppose 0 = 3*n - n - 62. Let v = -8 + n. Suppose 1 + v = 2*f. What are the prime factors of f?
2, 3
Let y(w) = 4*w - 4. List the prime factors of y(7).
2, 3
Let o be (-4 + 0)*15/(-12). Suppose 164 = -0*k + o*k + 2*f, -145 = -4*k + 3*f. What are the prime factors of k?
2, 17
Let d(l) = 3*l**2 + 3*l - 2. Let q be d(2). Let s = q + -1. Let w = s + -1. List the prime factors of w.
2, 7
Let u = 8 - 5. Suppose 0 = -w - u*w + o - 74, 0 = o - 2. What are the prime factors of (-10)/(-45) - 230/w?
13
Suppose 0 = 3*b - 6*b - 180. Let f = -29 - b. What are the prime factors of f?
31
Let o = 7 + -2. What are the prime factors of (9 - 0) + (8 - o)?
2, 3
Let x(d) = -4*d - 8. List the prime factors of x(-5).
2, 3
Let g = 4 - 0. List the prime factors of (-65)/(-7) + g/(-14).
3
Let t = -7 - -7. Suppose t = -4*x + 16 + 160. What are the prime factors of x?
2, 11
Suppose m - 3 = 0, -m + 13 = 2*j - 0*m. Suppose r - 43 = -3*r - j*g, 0 = -2*r + 2*g + 8. List the prime factors of r.
7
Suppose 1 = 4*u - 19. Let a be (u/(-15))/((-1)/(-3)). What are the prime factors of ((-15)/3)/(a + 0)?
5
Suppose -4*a = 1 - 9. Let j(y) = y**3 - 7*y**2 - 7*y + 3. Let q be j(8). Suppose -a*t + q = -3. List the prime factors of t.
7
Suppose 5*p - 3*p = 5*h - 153, -3*h + 91 = -p. Let a = -19 + h. What are the prime factors of a?
2, 5
Let f = -2 + 4. Suppose -j - 6 = -f*j. List the prime factors of j.
2, 3
Let v be (36/(-10))/((-4)/(-20)). Let g be 4/v + 6/27. Let y = 14 + g. List the prime factors of y.
2, 7
Suppose 2*z - 2 = 3*z, 0 